{"id":4448,"date":"2016-02-23T20:21:15","date_gmt":"2016-02-23T19:21:15","guid":{"rendered":"http:\/\/resista-ulmen.com\/sorten\/"},"modified":"2018-01-25T16:40:20","modified_gmt":"2018-01-25T15:40:20","slug":"variedades","status":"publish","type":"page","link":"https:\/\/resista-ulmen.com\/es\/variedades\/","title":{"rendered":"Variedades"},"content":{"rendered":"<h1 style=\"text-align: center;\">Variedades seleccionadas<\/h1>\n<p>&nbsp;<\/p>\n<div class=\"cols-wrapper cols-2\">\n<div class=\"col\">\n<p>De un gran n\u00famero de cultivos resistentes de olmo y bas\u00e1ndose en d\u00e9cadas de investigaci\u00f3n y experiencia internacional, nuestros expertos han seleccionado algunas variedades para la marca resista\u00ae. Los olmos resista\u00ae se caracterizan, adem\u00e1s de por un alto nivel de resistencia, por su especial idoneidad como \u00e1rboles urbanos y de avenidas.<\/p>\n<\/div>\n<div class=\"col\">\n<p>Las cuatro variedades: <a href=\"http:\/\/resista-ulmen.com\/es\/variedades\/new-horizon\/\">\u2019New Horizon\u2019<\/a>, <a href=\"http:\/\/resista-ulmen.com\/es\/variedades\/rebona\/\">\u2019Rebona\u2019<\/a>,\u00a0<a href=\"http:\/\/resista-ulmen.com\/es\/variedades\/rebella\/\">\u2019Rebella\u2019<\/a> und\u00a0<a href=\"http:\/\/resista-ulmen.com\/es\/variedades\/fiorente\/\">\u2019Fiorente\u2019<\/a> est\u00e1n disponibles a trav\u00e9s de viveros asociados y autorizados. Otras variedades est\u00e1n siendo probadas actualmente.<\/p>\n<\/div>\n<\/div>\n<p><img loading=\"lazy\" decoding=\"async\" src=\"http:\/\/resista-ulmen.com\/wp-content\/uploads\/illu_blaetter.png\" alt=\"\" width=\"1920\" height=\"309\" class=\"aligncenter size-full wp-image-3125\" srcset=\"https:\/\/resista-ulmen.com\/wp-content\/uploads\/illu_blaetter.png 1920w, https:\/\/resista-ulmen.com\/wp-content\/uploads\/illu_blaetter-300x48.png 300w, https:\/\/resista-ulmen.com\/wp-content\/uploads\/illu_blaetter-768x124.png 768w, https:\/\/resista-ulmen.com\/wp-content\/uploads\/illu_blaetter-1024x165.png 1024w\" sizes=\"auto, (max-width: 1920px) 100vw, 1920px\" \/><\/p>\n<div class=\"quick-gallery\"><div class=\"qg-img qg-no-title\" data-defwidth=\"383\"><a href=\"https:\/\/resista-ulmen.com\/wp-content\/uploads\/1_0_pict_new_horizon_1.jpg\" data-rel=\"lightbox[group-44481]\" title=\"\" ><img decoding=\"async\" src=\"https:\/\/resista-ulmen.com\/wp-content\/uploads\/1_0_pict_new_horizon_1-383x250.jpg\" alt=\"\"\/><div class=\"qg-overlay\"><span class=\"icon-circle\"><span class=\"pg-icon lightbox-icon\"><\/span><\/span><\/div><\/a><\/div><div class=\"qg-img qg-no-title\" data-defwidth=\"383\"><a href=\"https:\/\/resista-ulmen.com\/wp-content\/uploads\/1_0_pict_new_horizon_2.jpg\" data-rel=\"lightbox[group-44481]\" title=\"\" ><img decoding=\"async\" src=\"https:\/\/resista-ulmen.com\/wp-content\/uploads\/1_0_pict_new_horizon_2-383x250.jpg\" alt=\"\"\/><div class=\"qg-overlay\"><span class=\"icon-circle\"><span class=\"pg-icon lightbox-icon\"><\/span><\/span><\/div><\/a><\/div><div class=\"qg-img qg-no-title\" data-defwidth=\"383\"><a href=\"https:\/\/resista-ulmen.com\/wp-content\/uploads\/1_0_pict_new_horizon_3.jpg\" data-rel=\"lightbox[group-44481]\" title=\"\" ><img decoding=\"async\" src=\"https:\/\/resista-ulmen.com\/wp-content\/uploads\/1_0_pict_new_horizon_3-383x250.jpg\" alt=\"\"\/><div class=\"qg-overlay\"><span class=\"icon-circle\"><span class=\"pg-icon lightbox-icon\"><\/span><\/span><\/div><\/a><\/div><div class=\"clear\"><\/div><\/div>\n","protected":false},"excerpt":{"rendered":"<p>Variedades seleccionadas &nbsp; De un gran n\u00famero de cultivos resistentes de olmo y bas\u00e1ndose en d\u00e9cadas de investigaci\u00f3n y experiencia [&hellip;]<\/p>\n","protected":false},"author":1,"featured_media":0,"parent":0,"menu_order":2,"comment_status":"closed","ping_status":"closed","template":"template-full-custom.php","meta":{"footnotes":""},"class_list":["post-4448","page","type-page","status-publish","hentry"],"_links":{"self":[{"href":"https:\/\/resista-ulmen.com\/es\/wp-json\/wp\/v2\/pages\/4448","targetHints":{"allow":["GET"]}}],"collection":[{"href":"https:\/\/resista-ulmen.com\/es\/wp-json\/wp\/v2\/pages"}],"about":[{"href":"https:\/\/resista-ulmen.com\/es\/wp-json\/wp\/v2\/types\/page"}],"author":[{"embeddable":true,"href":"https:\/\/resista-ulmen.com\/es\/wp-json\/wp\/v2\/users\/1"}],"replies":[{"embeddable":true,"href":"https:\/\/resista-ulmen.com\/es\/wp-json\/wp\/v2\/comments?post=4448"}],"version-history":[{"count":0,"href":"https:\/\/resista-ulmen.com\/es\/wp-json\/wp\/v2\/pages\/4448\/revisions"}],"wp:attachment":[{"href":"https:\/\/resista-ulmen.com\/es\/wp-json\/wp\/v2\/media?parent=4448"}],"curies":[{"name":"wp","href":"https:\/\/api.w.org\/{rel}","templated":true}]}}

<h1 style="text-align: center;">Variedades seleccionadas</h1>
<p>&nbsp;</p>
<div class="cols-wrapper cols-2">
<div class="col">
<p>De un gran número de cultivos resistentes de olmo y basándose en décadas de investigación y experiencia internacional, nuestros expertos han seleccionado algunas variedades para la marca resista®. Los olmos resista® se caracterizan, además de por un alto nivel de resistencia, por su especial idoneidad como árboles urbanos y de avenidas.</p>
</div>
<div class="col">
<p>Las cuatro variedades: <a href="http://resista-ulmen.com/es/variedades/new-horizon/">’New Horizon’</a>, <a href="http://resista-ulmen.com/es/variedades/rebona/">’Rebona’</a>, <a href="http://resista-ulmen.com/es/variedades/rebella/">’Rebella’</a> und <a href="http://resista-ulmen.com/es/variedades/fiorente/">’Fiorente’</a> están disponibles a través de viveros asociados y autorizados. Otras variedades están siendo probadas actualmente.</p>
</div>
</div>
<p><img loading="lazy" decoding="async" src="http://resista-ulmen.com/wp-content/uploads/illu_blaetter.png" alt="" width="1920" height="309" class="aligncenter size-full wp-image-3125" srcset="https://resista-ulmen.com/wp-content/uploads/illu_blaetter.png 1920w, https://resista-ulmen.com/wp-content/uploads/illu_blaetter-300x48.png 300w, https://resista-ulmen.com/wp-content/uploads/illu_blaetter-768x124.png 768w, https://resista-ulmen.com/wp-content/uploads/illu_blaetter-1024x165.png 1024w" sizes="auto, (max-width: 1920px) 100vw, 1920px" /></p>
<div class="quick-gallery"><div class="qg-img qg-no-title" data-defwidth="383"><a href="https://resista-ulmen.com/wp-content/uploads/1_0_pict_new_horizon_1.jpg" data-rel="lightbox[group-44481]" title="" ><img decoding="async" src="https://resista-ulmen.com/wp-content/uploads/1_0_pict_new_horizon_1-383x250.jpg" alt=""/><div class="qg-overlay"><span class="icon-circle"><span class="pg-icon lightbox-icon"></span></span></div></a></div><div class="qg-img qg-no-title" data-defwidth="383"><a href="https://resista-ulmen.com/wp-content/uploads/1_0_pict_new_horizon_2.jpg" data-rel="lightbox[group-44481]" title="" ><img decoding="async" src="https://resista-ulmen.com/wp-content/uploads/1_0_pict_new_horizon_2-383x250.jpg" alt=""/><div class="qg-overlay"><span class="icon-circle"><span class="pg-icon lightbox-icon"></span></span></div></a></div><div class="qg-img qg-no-title" data-defwidth="383"><a href="https://resista-ulmen.com/wp-content/uploads/1_0_pict_new_horizon_3.jpg" data-rel="lightbox[group-44481]" title="" ><img decoding="async" src="https://resista-ulmen.com/wp-content/uploads/1_0_pict_new_horizon_3-383x250.jpg" alt=""/><div class="qg-overlay"><span class="icon-circle"><span class="pg-icon lightbox-icon"></span></span></div></a></div><div class="clear"></div></div>

<p>Variedades seleccionadas &nbsp; De un gran número de cultivos resistentes de olmo y basándose en décadas de investigación y experiencia [&hellip;]</p>
