{"id":4908,"date":"2017-02-02T10:19:30","date_gmt":"2017-02-02T09:19:30","guid":{"rendered":"http:\/\/resista-ulmen.com\/stadt-allee\/"},"modified":"2018-03-26T20:14:00","modified_gmt":"2018-03-26T18:14:00","slug":"ville-allee","status":"publish","type":"page","link":"https:\/\/resista-ulmen.com\/fr\/ville-allee\/","title":{"rendered":"Ville + All\u00e9e"},"content":{"rendered":"<h1 style=\"text-align: center;\">Id\u00e9al pour la ville<\/h1>\n<p>&nbsp;<\/p>\n<div class=\"cols-wrapper cols-2\">\n<div class=\"col\">\nIls doivent \u00eatre en mesure de faire face \u00e0 des conditions de croissance tr\u00e8s difficiles. Un espace limit\u00e9 pour les racines, un sol compact\u00e9, des carences en nutriments, de l\u2019eau stagnante ou le manque d\u2019eau, les gaz d&#8217;\u00e9chappement et le sel de voirie sont des facteurs parmi d\u2019autres qui peuvent rendre plus difficile la croissance saine des arbres des villes. Les effets du changement climatique sous forme d\u2019\u00e9v\u00e9nements m\u00e9t\u00e9orologiques extr\u00eames, des p\u00e9riodes de s\u00e9cheresse plus longues que la moyenne ou des pluies torrentielles suivies d\u2019inondations sont \u00e9galement des facteurs qui, \u00e0 l\u2019avenir, compliqueront encore leurs conditions de vie.<\/p>\n<p>Les ormes sont admirablement arm\u00e9s pour faire face \u00e0 ces exigences. Le climat dont b\u00e9n\u00e9ficie notre site de recherche de Madison, avec des temp\u00e9ratures comprises entre -35 \u00b0C et +40 \u00b0C, y contribue \u00e9galement, ce qui a conduit \u00e0 une s\u00e9lection de vari\u00e9t\u00e9s extr\u00eamement tol\u00e9rante au climat.<\/p>\n<\/div>\n<div class=\"col\">\nLes ormes disposent d\u2019un avantage suppl\u00e9mentaire : leur aptitude \u00e0 bourgeonner plusieurs fois en p\u00e9riode de croissance. Cela les rend plus r\u00e9sistants aux d\u00e9t\u00e9riorations et d\u00e9vastations \u00e9ventuellement caus\u00e9es par le gel tardif ou les insectes. L\u2019orme est \u00e9galement en mesure de supporter de mani\u00e8re \u00e9tonnante les interventions directes de l\u2019homme. Pour les ormes de ville, ce facteur est important dans la mesure o\u00f9 les coupes sont souvent effectu\u00e9es en fonction de la structure lumineuse ou de la s\u00e9curit\u00e9 routi\u00e8re, mais pas selon les crit\u00e8res reconnus de la taille des arbres. En r\u00e8gle g\u00e9n\u00e9rale, ces arbres robustes pardonnent m\u00eame les dommages caus\u00e9s aux racines par les travaux de construction et d&#8217;excavation.<\/p>\n<p>De nombreuses villes ont d\u00e9j\u00e0 reconnu le potentiel de nos ormes ultra-r\u00e9sistants. Les ormes resista\u00ae, les arbres urbains d&#8217;avenir, marqueront donc de plus en plus la structure et le climat des villes europ\u00e9ennes.<\/p>\n<\/div>\n<\/div>\n<p>&nbsp;<\/p>\n<h1 style=\"text-align: center;\">Les poumons de la ville<\/h1>\n<p>&nbsp;<\/p>\n<div class=\"cols-wrapper cols-2\">\n<div class=\"col\">\nLa tendance \u00e0 l\u2019urbanisation se poursuit sans rel\u00e2che. Du fait de la concentration croissante de la population humaine dans les grandes agglom\u00e9rations, se pose la question prioritaire de l\u2019am\u00e9lioration effective du microclimat urbain et de la cr\u00e9ation de corridors d\u2019air frais.<\/p>\n<\/div>\n<div class=\"col\">\nLes ormes font partie des esp\u00e8ces d&#8217;arbres qui, selon les premi\u00e8res estimations des scientifiques, comptent parmi les arbres de ville les plus effectifs parce qu&#8217;ils ont une influence positive sur le climat urbain : les ormes r\u00e9duisent les particules fines et caracolent en t\u00eate lorsqu&#8217;il s&#8217;agit de diminuer le taux d\u2019oxyde d\u2019azote et de la concentration d\u2019ozone.<\/p>\n<\/div>\n<\/div>\n<div class=\"quick-gallery\"><div class=\"qg-img qg-no-title\" data-defwidth=\"383\"><a href=\"https:\/\/resista-ulmen.com\/wp-content\/uploads\/2_1_Stadt_NL_Amsterdam_Herengracht_MuseumOfTheCanals_03_201307.jpg\" data-rel=\"lightbox[group-49081]\" title=\"Ulmus &#039;New Horizon&#039; in Amsterdam (NL), &lt;a class=&quot;popmake-2-1-stadt-nl-amsterdam-herengracht-museum&quot;&gt;&lt;u&gt;Info&lt;\/u&gt;&lt;\/a&gt;\" ><img decoding=\"async\" src=\"https:\/\/resista-ulmen.com\/wp-content\/uploads\/2_1_Stadt_NL_Amsterdam_Herengracht_MuseumOfTheCanals_03_201307-383x250.jpg\" alt=\"\"\/><div class=\"qg-overlay\"><span class=\"icon-circle\"><span class=\"pg-icon lightbox-icon\"><\/span><\/span><\/div><\/a><\/div><div class=\"qg-img qg-no-title\" data-defwidth=\"383\"><a href=\"https:\/\/resista-ulmen.com\/wp-content\/uploads\/2_1_Stadt_NL_Amsterdam_Herengracht21_01_201507.jpg\" data-rel=\"lightbox[group-49081]\" title=\"Ulmus &#039;New Horizon&#039; in Amsterdam (NL), &lt;a class=&quot;popmake-2-1-stadt-nl-amsterdam-herengracht-21&quot;&gt;&lt;u&gt;Info&lt;\/u&gt;&lt;\/a&gt;\" ><img decoding=\"async\" src=\"https:\/\/resista-ulmen.com\/wp-content\/uploads\/2_1_Stadt_NL_Amsterdam_Herengracht21_01_201507-383x250.jpg\" alt=\"\"\/><div class=\"qg-overlay\"><span class=\"icon-circle\"><span class=\"pg-icon lightbox-icon\"><\/span><\/span><\/div><\/a><\/div><div class=\"qg-img qg-no-title\" data-defwidth=\"383\"><a href=\"https:\/\/resista-ulmen.com\/wp-content\/uploads\/2_1_Stadt_NL_Amsterdam_Herengracht_MuseumOfTheCanals_02_201307.jpg\" data-rel=\"lightbox[group-49081]\" title=\"Ulmus &#039;New Horizon&#039; in Amsterdam (NL), &lt;a class=&quot;popmake-2-1-stadt-nl-amsterdam-herengracht-museum&quot;&gt;&lt;u&gt;Info&lt;\/u&gt;&lt;\/a&gt;\" ><img decoding=\"async\" src=\"https:\/\/resista-ulmen.com\/wp-content\/uploads\/2_1_Stadt_NL_Amsterdam_Herengracht_MuseumOfTheCanals_02_201307-383x250.jpg\" alt=\"\"\/><div class=\"qg-overlay\"><span class=\"icon-circle\"><span class=\"pg-icon lightbox-icon\"><\/span><\/span><\/div><\/a><\/div><div class=\"clear\"><\/div><\/div>\n","protected":false},"excerpt":{"rendered":"<p>Id\u00e9al pour la ville &nbsp; Ils doivent \u00eatre en mesure de faire face \u00e0 des conditions de croissance tr\u00e8s difficiles. [&hellip;]<\/p>\n","protected":false},"author":1,"featured_media":0,"parent":0,"menu_order":7,"comment_status":"closed","ping_status":"closed","template":"template-full-custom.php","meta":{"footnotes":""},"class_list":["post-4908","page","type-page","status-publish","hentry"],"_links":{"self":[{"href":"https:\/\/resista-ulmen.com\/fr\/wp-json\/wp\/v2\/pages\/4908","targetHints":{"allow":["GET"]}}],"collection":[{"href":"https:\/\/resista-ulmen.com\/fr\/wp-json\/wp\/v2\/pages"}],"about":[{"href":"https:\/\/resista-ulmen.com\/fr\/wp-json\/wp\/v2\/types\/page"}],"author":[{"embeddable":true,"href":"https:\/\/resista-ulmen.com\/fr\/wp-json\/wp\/v2\/users\/1"}],"replies":[{"embeddable":true,"href":"https:\/\/resista-ulmen.com\/fr\/wp-json\/wp\/v2\/comments?post=4908"}],"version-history":[{"count":0,"href":"https:\/\/resista-ulmen.com\/fr\/wp-json\/wp\/v2\/pages\/4908\/revisions"}],"wp:attachment":[{"href":"https:\/\/resista-ulmen.com\/fr\/wp-json\/wp\/v2\/media?parent=4908"}],"curies":[{"name":"wp","href":"https:\/\/api.w.org\/{rel}","templated":true}]}}

Ville + Allée

<h1 style="text-align: center;">Idéal pour la ville</h1>
<p>&nbsp;</p>
<div class="cols-wrapper cols-2">
<div class="col">
Ils doivent être en mesure de faire face à des conditions de croissance très difficiles. Un espace limité pour les racines, un sol compacté, des carences en nutriments, de l’eau stagnante ou le manque d’eau, les gaz d&#8217;échappement et le sel de voirie sont des facteurs parmi d’autres qui peuvent rendre plus difficile la croissance saine des arbres des villes. Les effets du changement climatique sous forme d’événements météorologiques extrêmes, des périodes de sécheresse plus longues que la moyenne ou des pluies torrentielles suivies d’inondations sont également des facteurs qui, à l’avenir, compliqueront encore leurs conditions de vie.</p>
<p>Les ormes sont admirablement armés pour faire face à ces exigences. Le climat dont bénéficie notre site de recherche de Madison, avec des températures comprises entre -35 °C et +40 °C, y contribue également, ce qui a conduit à une sélection de variétés extrêmement tolérante au climat.</p>
</div>
<div class="col">
Les ormes disposent d’un avantage supplémentaire : leur aptitude à bourgeonner plusieurs fois en période de croissance. Cela les rend plus résistants aux détériorations et dévastations éventuellement causées par le gel tardif ou les insectes. L’orme est également en mesure de supporter de manière étonnante les interventions directes de l’homme. Pour les ormes de ville, ce facteur est important dans la mesure où les coupes sont souvent effectuées en fonction de la structure lumineuse ou de la sécurité routière, mais pas selon les critères reconnus de la taille des arbres. En règle générale, ces arbres robustes pardonnent même les dommages causés aux racines par les travaux de construction et d&#8217;excavation.</p>
<p>De nombreuses villes ont déjà reconnu le potentiel de nos ormes ultra-résistants. Les ormes resista®, les arbres urbains d&#8217;avenir, marqueront donc de plus en plus la structure et le climat des villes européennes.</p>
</div>
</div>
<p>&nbsp;</p>
<h1 style="text-align: center;">Les poumons de la ville</h1>
<p>&nbsp;</p>
<div class="cols-wrapper cols-2">
<div class="col">
La tendance à l’urbanisation se poursuit sans relâche. Du fait de la concentration croissante de la population humaine dans les grandes agglomérations, se pose la question prioritaire de l’amélioration effective du microclimat urbain et de la création de corridors d’air frais.</p>
</div>
<div class="col">
Les ormes font partie des espèces d&#8217;arbres qui, selon les premières estimations des scientifiques, comptent parmi les arbres de ville les plus effectifs parce qu&#8217;ils ont une influence positive sur le climat urbain : les ormes réduisent les particules fines et caracolent en tête lorsqu&#8217;il s&#8217;agit de diminuer le taux d’oxyde d’azote et de la concentration d’ozone.</p>
</div>
</div>
<div class="quick-gallery"><div class="qg-img qg-no-title" data-defwidth="383"><a href="https://resista-ulmen.com/wp-content/uploads/2_1_Stadt_NL_Amsterdam_Herengracht_MuseumOfTheCanals_03_201307.jpg" data-rel="lightbox[group-49081]" title="Ulmus &#039;New Horizon&#039; in Amsterdam (NL), &lt;a class=&quot;popmake-2-1-stadt-nl-amsterdam-herengracht-museum&quot;&gt;&lt;u&gt;Info&lt;/u&gt;&lt;/a&gt;" ><img decoding="async" src="https://resista-ulmen.com/wp-content/uploads/2_1_Stadt_NL_Amsterdam_Herengracht_MuseumOfTheCanals_03_201307-383x250.jpg" alt=""/><div class="qg-overlay"><span class="icon-circle"><span class="pg-icon lightbox-icon"></span></span></div></a></div><div class="qg-img qg-no-title" data-defwidth="383"><a href="https://resista-ulmen.com/wp-content/uploads/2_1_Stadt_NL_Amsterdam_Herengracht21_01_201507.jpg" data-rel="lightbox[group-49081]" title="Ulmus &#039;New Horizon&#039; in Amsterdam (NL), &lt;a class=&quot;popmake-2-1-stadt-nl-amsterdam-herengracht-21&quot;&gt;&lt;u&gt;Info&lt;/u&gt;&lt;/a&gt;" ><img decoding="async" src="https://resista-ulmen.com/wp-content/uploads/2_1_Stadt_NL_Amsterdam_Herengracht21_01_201507-383x250.jpg" alt=""/><div class="qg-overlay"><span class="icon-circle"><span class="pg-icon lightbox-icon"></span></span></div></a></div><div class="qg-img qg-no-title" data-defwidth="383"><a href="https://resista-ulmen.com/wp-content/uploads/2_1_Stadt_NL_Amsterdam_Herengracht_MuseumOfTheCanals_02_201307.jpg" data-rel="lightbox[group-49081]" title="Ulmus &#039;New Horizon&#039; in Amsterdam (NL), &lt;a class=&quot;popmake-2-1-stadt-nl-amsterdam-herengracht-museum&quot;&gt;&lt;u&gt;Info&lt;/u&gt;&lt;/a&gt;" ><img decoding="async" src="https://resista-ulmen.com/wp-content/uploads/2_1_Stadt_NL_Amsterdam_Herengracht_MuseumOfTheCanals_02_201307-383x250.jpg" alt=""/><div class="qg-overlay"><span class="icon-circle"><span class="pg-icon lightbox-icon"></span></span></div></a></div><div class="clear"></div></div>

<p>Idéal pour la ville &nbsp; Ils doivent être en mesure de faire face à des conditions de croissance très difficiles. [&hellip;]</p>
