{"id":4657,"date":"2017-08-28T16:04:14","date_gmt":"2017-08-28T14:04:14","guid":{"rendered":"http:\/\/resista-ulmen.com\/varieta\/rebella\/"},"modified":"2018-01-29T20:32:18","modified_gmt":"2018-01-29T19:32:18","slug":"rebella","status":"publish","type":"page","link":"https:\/\/resista-ulmen.com\/it\/varieta\/rebella\/","title":{"rendered":"Rebella"},"content":{"rendered":"<div class=\"cols-wrapper cols-2\">\n<div class=\"col\">\n<p><img loading=\"lazy\" decoding=\"async\" src=\"http:\/\/resista-ulmen.com\/wp-content\/uploads\/logo_resista_ulmus_rebella.png\" alt=\"Logo resista Ulmus Rebella\" width=\"650\" height=\"150\" class=\"alignnone size-full wp-image-2600\" srcset=\"https:\/\/resista-ulmen.com\/wp-content\/uploads\/logo_resista_ulmus_rebella.png 650w, https:\/\/resista-ulmen.com\/wp-content\/uploads\/logo_resista_ulmus_rebella-300x69.png 300w\" sizes=\"auto, (max-width: 650px) 100vw, 650px\" \/><br \/>\n&nbsp;<br \/>\nULMUS \u2019Rebella\u2019 \u00e8 un incrocio tra ULMUS parvifolia e ULMUS americana realizzato dal prof. Smalley &#038; prof. Guries, Madison University, Wisconsin \/ USA.<\/p>\n<p>\u2019Rebella\u2019 \u00e8 un albero da piccola a media grandezza. La morbida ed esile chioma che si erge fino alla punta mostra un fitto fogliame con piccole foglie piuttosto sottili. \u2019Rebella\u2019 \u00e8 caratterizzata da una bellissima tonalit\u00e0 autunnale rosso-arancio.<\/p>\n<p>La corteccia mostra un colore grigio-verde argentato in giovent\u00f9, per diventare nel tempo pi\u00f9 sul rosso marrone, sviluppando la tipica corteccia degli olmi.<\/p>\n<p>Grazie alla sua forma morbida \u00e8 l&#8217;ideale come albero da citt\u00e0, parchi e viali e tutte le ricerce fatte sinora hanno dimostrato che questa variet\u00e0 non produce semi. La bella tonalit\u00e0 autunnale che si presenta piuttosto precocemente e le piccole foglie, donano all&#8217;albero un elegenate aspetto a filigrana. Il fogliame autunnale caduto si decompone velocemente.<br \/>\n&nbsp;<\/p>\n<h2 style=\"text-align: center;\">Particolari vantaggi<\/h2>\n<p>Grazie alla sua grandezza ridotta, si adatta particolarmente bene come albero da giardino. Inoltre, \u00e8 molto resistente contro i funghi patogeni <em>Ophiostoma ulmi<\/em> e <em>O. novo-ulmi<\/em>, causa della cossidetta grafiosi dell&#8217;olmo.<\/p>\n<p><em>La tutela delle variet\u00e0 vegetali EU \u00e8 stata concessa il 7.3.2011.<\/em><br \/>\n&nbsp;<\/p>\n<h2 style=\"text-align: center;\">Credenziali + Downloads<\/h2>\n<p><img loading=\"lazy\" decoding=\"async\" src=\"http:\/\/resista-ulmen.com\/wp-content\/uploads\/pict_produktblatt_rebella.png\" alt=\"Pict Produktblatt Rebella\" width=\"150\" height=\"230\" class=\"alignleft size-full wp-image-2699\" \/>&nbsp;<br \/>\n&bull; Credenziali: <a href=\"http:\/\/resista-ulmen.com\/it\/portfolio\/varieta-rebella\/\">ULMUS \u2019Rebella\u2019 Sondaggio<\/a><br \/>\n&nbsp;<br \/>\n&bull; Scheda prodotto: <a href=\"http:\/\/resista-ulmen.com\/wp-content\/uploads\/I_Resista_Scheda_Prodotto_Rebella_Web.pdf\" target=\"_blank\">ULMUS \u2019Rebella\u2019<\/a> (PDF, 2,4 MB)<br \/>\n&bull; Area download: <a href=\"http:\/\/resista-ulmen.com\/it\/download\/\">pi\u00f9 opuscoli e lingue<\/a><\/p>\n<\/div>\n<div class=\"col\">\n<p><img loading=\"lazy\" decoding=\"async\" src=\"http:\/\/resista-ulmen.com\/wp-content\/uploads\/illu_rebella_i.png\" alt=\"\" width=\"948\" height=\"1600\" class=\"aligncenter size-full wp-image-4791\" srcset=\"https:\/\/resista-ulmen.com\/wp-content\/uploads\/illu_rebella_i.png 948w, https:\/\/resista-ulmen.com\/wp-content\/uploads\/illu_rebella_i-178x300.png 178w, https:\/\/resista-ulmen.com\/wp-content\/uploads\/illu_rebella_i-768x1296.png 768w, https:\/\/resista-ulmen.com\/wp-content\/uploads\/illu_rebella_i-607x1024.png 607w\" sizes=\"auto, (max-width: 948px) 100vw, 948px\" \/><\/p>\n<\/div>\n<\/div>\n<div class=\"quick-gallery\"><div class=\"qg-img qg-no-title\" data-defwidth=\"383\"><a href=\"https:\/\/resista-ulmen.com\/wp-content\/uploads\/1_3_pict_Rebella_1_Blatt.jpg\" data-rel=\"lightbox[group-46571]\" title=\"\" ><img decoding=\"async\" src=\"https:\/\/resista-ulmen.com\/wp-content\/uploads\/1_3_pict_Rebella_1_Blatt-383x250.jpg\" alt=\"\"\/><div class=\"qg-overlay\"><span class=\"icon-circle\"><span class=\"pg-icon lightbox-icon\"><\/span><\/span><\/div><\/a><\/div><div class=\"qg-img qg-no-title\" data-defwidth=\"383\"><a href=\"https:\/\/resista-ulmen.com\/wp-content\/uploads\/1_3_pict_Rebella_2_Borke.jpg\" data-rel=\"lightbox[group-46571]\" title=\"\" ><img decoding=\"async\" src=\"https:\/\/resista-ulmen.com\/wp-content\/uploads\/1_3_pict_Rebella_2_Borke-383x250.jpg\" alt=\"\"\/><div class=\"qg-overlay\"><span class=\"icon-circle\"><span class=\"pg-icon lightbox-icon\"><\/span><\/span><\/div><\/a><\/div><div class=\"qg-img qg-no-title\" data-defwidth=\"383\"><a href=\"https:\/\/resista-ulmen.com\/wp-content\/uploads\/1_3_pict_Rebella_3_Baumkrone.jpg\" data-rel=\"lightbox[group-46571]\" title=\"\" ><img decoding=\"async\" src=\"https:\/\/resista-ulmen.com\/wp-content\/uploads\/1_3_pict_Rebella_3_Baumkrone-383x250.jpg\" alt=\"\"\/><div class=\"qg-overlay\"><span class=\"icon-circle\"><span class=\"pg-icon lightbox-icon\"><\/span><\/span><\/div><\/a><\/div><div class=\"clear\"><\/div><\/div>\n<div class=\"nivo-content\"><div class=\"nivo-wrapper\"><div class=\"nivo-slider\" id=\"nivo-slider-46571\" style=\"min-height:550px;\"><img decoding=\"async\" src=\"http:\/\/resista-ulmen.com\/wp-content\/uploads\/1_3_slide_Rebella_1.jpg\" title=\"\" \/><img decoding=\"async\" src=\"http:\/\/resista-ulmen.com\/wp-content\/uploads\/1_3_slide_Rebella_2.jpg\" title=\"\" \/><img decoding=\"async\" src=\"http:\/\/resista-ulmen.com\/wp-content\/uploads\/1_3_slide_Rebella_3.jpg\" title=\"\" \/><\/div><\/div><\/div>\n","protected":false},"excerpt":{"rendered":"<p>&nbsp; ULMUS \u2019Rebella\u2019 \u00e8 un incrocio tra ULMUS parvifolia e ULMUS americana realizzato dal prof. Smalley &#038; prof. Guries, Madison [&hellip;]<\/p>\n","protected":false},"author":1,"featured_media":0,"parent":4633,"menu_order":23,"comment_status":"closed","ping_status":"closed","template":"template-full-custom.php","meta":{"footnotes":""},"class_list":["post-4657","page","type-page","status-publish","hentry"],"_links":{"self":[{"href":"https:\/\/resista-ulmen.com\/it\/wp-json\/wp\/v2\/pages\/4657","targetHints":{"allow":["GET"]}}],"collection":[{"href":"https:\/\/resista-ulmen.com\/it\/wp-json\/wp\/v2\/pages"}],"about":[{"href":"https:\/\/resista-ulmen.com\/it\/wp-json\/wp\/v2\/types\/page"}],"author":[{"embeddable":true,"href":"https:\/\/resista-ulmen.com\/it\/wp-json\/wp\/v2\/users\/1"}],"replies":[{"embeddable":true,"href":"https:\/\/resista-ulmen.com\/it\/wp-json\/wp\/v2\/comments?post=4657"}],"version-history":[{"count":0,"href":"https:\/\/resista-ulmen.com\/it\/wp-json\/wp\/v2\/pages\/4657\/revisions"}],"up":[{"embeddable":true,"href":"https:\/\/resista-ulmen.com\/it\/wp-json\/wp\/v2\/pages\/4633"}],"wp:attachment":[{"href":"https:\/\/resista-ulmen.com\/it\/wp-json\/wp\/v2\/media?parent=4657"}],"curies":[{"name":"wp","href":"https:\/\/api.w.org\/{rel}","templated":true}]}}

<div class="cols-wrapper cols-2">
<div class="col">
<p><img loading="lazy" decoding="async" src="http://resista-ulmen.com/wp-content/uploads/logo_resista_ulmus_rebella.png" alt="Logo resista Ulmus Rebella" width="650" height="150" class="alignnone size-full wp-image-2600" srcset="https://resista-ulmen.com/wp-content/uploads/logo_resista_ulmus_rebella.png 650w, https://resista-ulmen.com/wp-content/uploads/logo_resista_ulmus_rebella-300x69.png 300w" sizes="auto, (max-width: 650px) 100vw, 650px" /><br />
&nbsp;<br />
ULMUS ’Rebella’ è un incrocio tra ULMUS parvifolia e ULMUS americana realizzato dal prof. Smalley &#038; prof. Guries, Madison University, Wisconsin / USA.</p>
<p>’Rebella’ è un albero da piccola a media grandezza. La morbida ed esile chioma che si erge fino alla punta mostra un fitto fogliame con piccole foglie piuttosto sottili. ’Rebella’ è caratterizzata da una bellissima tonalità autunnale rosso-arancio.</p>
<p>La corteccia mostra un colore grigio-verde argentato in gioventù, per diventare nel tempo più sul rosso marrone, sviluppando la tipica corteccia degli olmi.</p>
<p>Grazie alla sua forma morbida è l&#8217;ideale come albero da città, parchi e viali e tutte le ricerce fatte sinora hanno dimostrato che questa varietà non produce semi. La bella tonalità autunnale che si presenta piuttosto precocemente e le piccole foglie, donano all&#8217;albero un elegenate aspetto a filigrana. Il fogliame autunnale caduto si decompone velocemente.<br />
&nbsp;</p>
<h2 style="text-align: center;">Particolari vantaggi</h2>
<p>Grazie alla sua grandezza ridotta, si adatta particolarmente bene come albero da giardino. Inoltre, è molto resistente contro i funghi patogeni <em>Ophiostoma ulmi</em> e <em>O. novo-ulmi</em>, causa della cossidetta grafiosi dell&#8217;olmo.</p>
<p><em>La tutela delle varietà vegetali EU è stata concessa il 7.3.2011.</em><br />
&nbsp;</p>
<h2 style="text-align: center;">Credenziali + Downloads</h2>
<p><img loading="lazy" decoding="async" src="http://resista-ulmen.com/wp-content/uploads/pict_produktblatt_rebella.png" alt="Pict Produktblatt Rebella" width="150" height="230" class="alignleft size-full wp-image-2699" />&nbsp;<br />
&bull; Credenziali: <a href="http://resista-ulmen.com/it/portfolio/varieta-rebella/">ULMUS ’Rebella’ Sondaggio</a><br />
&nbsp;<br />
&bull; Scheda prodotto: <a href="http://resista-ulmen.com/wp-content/uploads/I_Resista_Scheda_Prodotto_Rebella_Web.pdf" target="_blank">ULMUS ’Rebella’</a> (PDF, 2,4 MB)<br />
&bull; Area download: <a href="http://resista-ulmen.com/it/download/">più opuscoli e lingue</a></p>
</div>
<div class="col">
<p><img loading="lazy" decoding="async" src="http://resista-ulmen.com/wp-content/uploads/illu_rebella_i.png" alt="" width="948" height="1600" class="aligncenter size-full wp-image-4791" srcset="https://resista-ulmen.com/wp-content/uploads/illu_rebella_i.png 948w, https://resista-ulmen.com/wp-content/uploads/illu_rebella_i-178x300.png 178w, https://resista-ulmen.com/wp-content/uploads/illu_rebella_i-768x1296.png 768w, https://resista-ulmen.com/wp-content/uploads/illu_rebella_i-607x1024.png 607w" sizes="auto, (max-width: 948px) 100vw, 948px" /></p>
</div>
</div>
<div class="quick-gallery"><div class="qg-img qg-no-title" data-defwidth="383"><a href="https://resista-ulmen.com/wp-content/uploads/1_3_pict_Rebella_1_Blatt.jpg" data-rel="lightbox[group-46571]" title="" ><img decoding="async" src="https://resista-ulmen.com/wp-content/uploads/1_3_pict_Rebella_1_Blatt-383x250.jpg" alt=""/><div class="qg-overlay"><span class="icon-circle"><span class="pg-icon lightbox-icon"></span></span></div></a></div><div class="qg-img qg-no-title" data-defwidth="383"><a href="https://resista-ulmen.com/wp-content/uploads/1_3_pict_Rebella_2_Borke.jpg" data-rel="lightbox[group-46571]" title="" ><img decoding="async" src="https://resista-ulmen.com/wp-content/uploads/1_3_pict_Rebella_2_Borke-383x250.jpg" alt=""/><div class="qg-overlay"><span class="icon-circle"><span class="pg-icon lightbox-icon"></span></span></div></a></div><div class="qg-img qg-no-title" data-defwidth="383"><a href="https://resista-ulmen.com/wp-content/uploads/1_3_pict_Rebella_3_Baumkrone.jpg" data-rel="lightbox[group-46571]" title="" ><img decoding="async" src="https://resista-ulmen.com/wp-content/uploads/1_3_pict_Rebella_3_Baumkrone-383x250.jpg" alt=""/><div class="qg-overlay"><span class="icon-circle"><span class="pg-icon lightbox-icon"></span></span></div></a></div><div class="clear"></div></div>
<div class="nivo-content"><div class="nivo-wrapper"><div class="nivo-slider" id="nivo-slider-46571" style="min-height:550px;"><img decoding="async" src="http://resista-ulmen.com/wp-content/uploads/1_3_slide_Rebella_1.jpg" title="" /><img decoding="async" src="http://resista-ulmen.com/wp-content/uploads/1_3_slide_Rebella_2.jpg" title="" /><img decoding="async" src="http://resista-ulmen.com/wp-content/uploads/1_3_slide_Rebella_3.jpg" title="" /></div></div></div>

<p>&nbsp; ULMUS ’Rebella’ è un incrocio tra ULMUS parvifolia e ULMUS americana realizzato dal prof. Smalley &#038; prof. Guries, Madison [&hellip;]</p>
