{"id":4689,"date":"2016-03-02T13:14:36","date_gmt":"2016-03-02T12:14:36","guid":{"rendered":"http:\/\/resista-ulmen.com\/ricerca\/ulmenkrankheit\/"},"modified":"2018-01-28T11:09:07","modified_gmt":"2018-01-28T10:09:07","slug":"grafiosi-dell-olmo","status":"publish","type":"page","link":"https:\/\/resista-ulmen.com\/it\/ricerca\/grafiosi-dell-olmo\/","title":{"rendered":"Grafiosi dell&#8217;olmo"},"content":{"rendered":"<h1 style=\"text-align: center;\">Un albero oggetto di culto in pericolo<\/h1>\n<p>&nbsp;<\/p>\n<div class=\"cols-wrapper cols-2\">\n<div class=\"col\">\n<h2 style=\"text-align: center;\">Nemico microscopico ma davvero di grande effetto<\/h2>\n<p>Nella mitologia nordica gli olmi e il frassino simboleggiavano la donna e l&#8217;uomo, che stavano per  i progenitori del genere umano. Nella Francia del sud gli olmi erano considerati gli alberi della giustizia e negli USA, viene celebrato come l&#8217;albero della libert\u00e0. A prescindere dal suo significato mitologico, gli olmi sono molto apprezzati in Europa e in America del Nord anche per il suo pregiato legno e per essere un magnifico albero per abbellire le aree verdi delle citt\u00e0 e i viali. Ma purtroppo questo albero oggetto di culto \u00e8 in pericolo: il suo grande nemico \u00e8 un microscopico fungo, l&#8217;ascomiceto <em>Ophiostoma ulmi<\/em>.<br \/>\n&nbsp;<\/p>\n<h2 style=\"text-align: center;\">Alleanza dai risultati disastrosi<\/h2>\n<p>Questo fungo si diffonde principalmente mediante un trasportatore del tutto ignaro: lo scolito dell&#8217;olmo. Nelle gallerie scavate sotto alla corteccia degli alberi colpiti, gli scoliti dell&#8217;olmo vengono a contatto con il fungo. Del tutto ignari, i piccoli coleottori si infettano mediante i filamenti micelici nell&#8217;area della corteccia, oppure tramite le spore immesse nelle gallerie dalla regina.<\/p>\n<\/div>\n<div class=\"col\">\n<h2 style=\"text-align: center;\">Pericolo a effetto domino<\/h2>\n<p>I giovani coleotteri abbandonano l&#8217;albero malato e si nutrono della corteccia succosa delle ramificazioni di alberi sani, le spore dei funghi incollate sul coleottero penetrano anche qui nel sistema di conduzione dell&#8217;acqua. L&#8217;infezione fungina provoca l&#8217;interruzione del rifornimento d&#8217;acqua, la chioma si secca, l&#8217;albero muore.<\/p>\n<p>Il coleottero passa al prossimo olmo sano e cos\u00ec via. Interi viali possono cadere vittima di questo vero e proprio flagello.<\/p>\n<\/div>\n<\/div>\n<div class=\"quick-gallery\"><div class=\"qg-img qg-no-title\" data-defwidth=\"383\"><a href=\"https:\/\/resista-ulmen.com\/wp-content\/uploads\/4_4_2_pict_Ulmenkrankheit_1.jpg\" data-rel=\"lightbox[group-46891]\" title=\"\" ><img decoding=\"async\" src=\"https:\/\/resista-ulmen.com\/wp-content\/uploads\/4_4_2_pict_Ulmenkrankheit_1-383x250.jpg\" alt=\"\"\/><div class=\"qg-overlay\"><span class=\"icon-circle\"><span class=\"pg-icon lightbox-icon\"><\/span><\/span><\/div><\/a><\/div><div class=\"qg-img qg-no-title\" data-defwidth=\"383\"><a href=\"https:\/\/resista-ulmen.com\/wp-content\/uploads\/4_4_2_pict_Ulmenkrankheit_2.jpg\" data-rel=\"lightbox[group-46891]\" title=\"\" ><img decoding=\"async\" src=\"https:\/\/resista-ulmen.com\/wp-content\/uploads\/4_4_2_pict_Ulmenkrankheit_2-383x250.jpg\" alt=\"\"\/><div class=\"qg-overlay\"><span class=\"icon-circle\"><span class=\"pg-icon lightbox-icon\"><\/span><\/span><\/div><\/a><\/div><div class=\"qg-img qg-no-title\" data-defwidth=\"383\"><a href=\"https:\/\/resista-ulmen.com\/wp-content\/uploads\/4_4_2_pict_Ulmenkrankheit_3.jpg\" data-rel=\"lightbox[group-46891]\" title=\"\" ><img decoding=\"async\" src=\"https:\/\/resista-ulmen.com\/wp-content\/uploads\/4_4_2_pict_Ulmenkrankheit_3-383x250.jpg\" alt=\"\"\/><div class=\"qg-overlay\"><span class=\"icon-circle\"><span class=\"pg-icon lightbox-icon\"><\/span><\/span><\/div><\/a><\/div><div class=\"clear\"><\/div><\/div>\n","protected":false},"excerpt":{"rendered":"<p>Un albero oggetto di culto in pericolo &nbsp; Nemico microscopico ma davvero di grande effetto Nella mitologia nordica gli olmi [&hellip;]<\/p>\n","protected":false},"author":1,"featured_media":0,"parent":4683,"menu_order":62,"comment_status":"closed","ping_status":"closed","template":"template-full-custom.php","meta":{"footnotes":""},"class_list":["post-4689","page","type-page","status-publish","hentry"],"_links":{"self":[{"href":"https:\/\/resista-ulmen.com\/it\/wp-json\/wp\/v2\/pages\/4689","targetHints":{"allow":["GET"]}}],"collection":[{"href":"https:\/\/resista-ulmen.com\/it\/wp-json\/wp\/v2\/pages"}],"about":[{"href":"https:\/\/resista-ulmen.com\/it\/wp-json\/wp\/v2\/types\/page"}],"author":[{"embeddable":true,"href":"https:\/\/resista-ulmen.com\/it\/wp-json\/wp\/v2\/users\/1"}],"replies":[{"embeddable":true,"href":"https:\/\/resista-ulmen.com\/it\/wp-json\/wp\/v2\/comments?post=4689"}],"version-history":[{"count":0,"href":"https:\/\/resista-ulmen.com\/it\/wp-json\/wp\/v2\/pages\/4689\/revisions"}],"up":[{"embeddable":true,"href":"https:\/\/resista-ulmen.com\/it\/wp-json\/wp\/v2\/pages\/4683"}],"wp:attachment":[{"href":"https:\/\/resista-ulmen.com\/it\/wp-json\/wp\/v2\/media?parent=4689"}],"curies":[{"name":"wp","href":"https:\/\/api.w.org\/{rel}","templated":true}]}}

<h1 style="text-align: center;">Un albero oggetto di culto in pericolo</h1>
<p>&nbsp;</p>
<div class="cols-wrapper cols-2">
<div class="col">
<h2 style="text-align: center;">Nemico microscopico ma davvero di grande effetto</h2>
<p>Nella mitologia nordica gli olmi e il frassino simboleggiavano la donna e l&#8217;uomo, che stavano per  i progenitori del genere umano. Nella Francia del sud gli olmi erano considerati gli alberi della giustizia e negli USA, viene celebrato come l&#8217;albero della libertà. A prescindere dal suo significato mitologico, gli olmi sono molto apprezzati in Europa e in America del Nord anche per il suo pregiato legno e per essere un magnifico albero per abbellire le aree verdi delle città e i viali. Ma purtroppo questo albero oggetto di culto è in pericolo: il suo grande nemico è un microscopico fungo, l&#8217;ascomiceto <em>Ophiostoma ulmi</em>.<br />
&nbsp;</p>
<h2 style="text-align: center;">Alleanza dai risultati disastrosi</h2>
<p>Questo fungo si diffonde principalmente mediante un trasportatore del tutto ignaro: lo scolito dell&#8217;olmo. Nelle gallerie scavate sotto alla corteccia degli alberi colpiti, gli scoliti dell&#8217;olmo vengono a contatto con il fungo. Del tutto ignari, i piccoli coleottori si infettano mediante i filamenti micelici nell&#8217;area della corteccia, oppure tramite le spore immesse nelle gallerie dalla regina.</p>
</div>
<div class="col">
<h2 style="text-align: center;">Pericolo a effetto domino</h2>
<p>I giovani coleotteri abbandonano l&#8217;albero malato e si nutrono della corteccia succosa delle ramificazioni di alberi sani, le spore dei funghi incollate sul coleottero penetrano anche qui nel sistema di conduzione dell&#8217;acqua. L&#8217;infezione fungina provoca l&#8217;interruzione del rifornimento d&#8217;acqua, la chioma si secca, l&#8217;albero muore.</p>
<p>Il coleottero passa al prossimo olmo sano e così via. Interi viali possono cadere vittima di questo vero e proprio flagello.</p>
</div>
</div>
<div class="quick-gallery"><div class="qg-img qg-no-title" data-defwidth="383"><a href="https://resista-ulmen.com/wp-content/uploads/4_4_2_pict_Ulmenkrankheit_1.jpg" data-rel="lightbox[group-46891]" title="" ><img decoding="async" src="https://resista-ulmen.com/wp-content/uploads/4_4_2_pict_Ulmenkrankheit_1-383x250.jpg" alt=""/><div class="qg-overlay"><span class="icon-circle"><span class="pg-icon lightbox-icon"></span></span></div></a></div><div class="qg-img qg-no-title" data-defwidth="383"><a href="https://resista-ulmen.com/wp-content/uploads/4_4_2_pict_Ulmenkrankheit_2.jpg" data-rel="lightbox[group-46891]" title="" ><img decoding="async" src="https://resista-ulmen.com/wp-content/uploads/4_4_2_pict_Ulmenkrankheit_2-383x250.jpg" alt=""/><div class="qg-overlay"><span class="icon-circle"><span class="pg-icon lightbox-icon"></span></span></div></a></div><div class="qg-img qg-no-title" data-defwidth="383"><a href="https://resista-ulmen.com/wp-content/uploads/4_4_2_pict_Ulmenkrankheit_3.jpg" data-rel="lightbox[group-46891]" title="" ><img decoding="async" src="https://resista-ulmen.com/wp-content/uploads/4_4_2_pict_Ulmenkrankheit_3-383x250.jpg" alt=""/><div class="qg-overlay"><span class="icon-circle"><span class="pg-icon lightbox-icon"></span></span></div></a></div><div class="clear"></div></div>
