{"id":4695,"date":"2017-02-02T10:19:30","date_gmt":"2017-02-02T09:19:30","guid":{"rendered":"http:\/\/resista-ulmen.com\/stadt-allee\/"},"modified":"2018-01-28T11:15:09","modified_gmt":"2018-01-28T10:15:09","slug":"citta-viali","status":"publish","type":"page","link":"https:\/\/resista-ulmen.com\/it\/citta-viali\/","title":{"rendered":"Citt\u00e0 + Viali"},"content":{"rendered":"<h1 style=\"text-align: center;\">Perfetto per la citt\u00e0<\/h1>\n<p>&nbsp;<\/p>\n<div class=\"cols-wrapper cols-2\">\n<div class=\"col\">\nDevono essere in grado di adattarsi alle condizioni di crescita pi\u00f9 difficili. Spazio radicale limitato, terreno compattato, carenza di principi nutritivi, accumuli di acqua di ristagno o carenza di acqua, gas di scarico e sale contro il ghiaccio sono solo alcuni dei fattori che potrebbero rendere pi\u00f9 difficile una sana crescita degli alberi da citt\u00e0. Anche l&#8217;azione dei cambiamenti climatici sotto forma di fenomeni metereologici estremi sempre in aumento, periodi di siccit\u00e0 in media pi\u00f9 lunghi o piogge intense con allagamenti o inondazioni rendono pi\u00f9 difficili le loro condizioni di vita.<\/p>\n<p>In media, gli olmi selezionati sono cresciuti bene a queste condizioni avverse. E non da ultimo il clima del nostro centro di ricerca nel Madison, con temperature tra i -35\u00b0C e +40\u00b0C, ha portato a una selezione naturale della specie estremamente tollerante alle condizioni climatiche estreme.<\/p>\n<\/div>\n<div class=\"col\">\nUn grosso vantaggio degli olmi \u00e8 soprattutto il fatto che possono ricrescere a pi\u00f9 riprese durante l&#8217;intero periodo di crescita. Ci\u00f2 li rende pi\u00f9 resistenti verso possibili danni dovuti a gelate tardive o atti di vandalismo. Ma sono in grado di resistere incredibilmente bene anche agli interventi diretti umani. Per gli alberi da citt\u00e0 un criterio importante, poich\u00e9 spesso non vengono rispettati i criteri di potatura necessari, ma si tende a intervenire secondo il profilo della freccia o la sicurezza del traffico. Gli stessi danni alla corteccia e alle radici dovuti ai lavori di costruzione e di scavatura possono essere di regola perdonati da questi robusti alberi.<\/p>\n<p>Molte citt\u00e0 hanno gi\u00e0 riconosciuto il potenziale dei nostri olmi estremamente resistenti. Come possibile futuro albero da citt\u00e0, gli olmi resista\u00ae imprimeranno sempre di pi\u00f9 il profilo e il clima delle citt\u00e0 europee.<\/p>\n<\/div>\n<\/div>\n<p>&nbsp;<\/p>\n<h1 style=\"text-align: center;\">I polmoni della citt\u00e0<\/h1>\n<p>&nbsp;<\/p>\n<div class=\"cols-wrapper cols-2\">\n<div class=\"col\">\nLa tendenza all&#8217;urbanizzazione si \u00e8 interrotta. Con una concentrazione in crescita della popolazione umana nei centri urbani, passa in primo piano anche la domanda di un miglioramento effettivo del microclima cittadino e della creazione di nicchie di aree verdi.<\/p>\n<\/div>\n<div class=\"col\">\nGli olmi, secondo l&#8217;opinione di scienziati illustri, appartengono alle variet\u00e0 di alberi che pi\u00f9 si adattano ad albero da citt\u00e0, poich\u00e9 esercitano un influsso positivo sul clima cittadino. Inoltre, provvedono alla riduzione delle polveri sottili e sono una vera istituzione quando si tratta di ridurre i valori di ossido di azoto e di ozono.<\/p>\n<\/div>\n<\/div>\n<div class=\"quick-gallery\"><div class=\"qg-img qg-no-title\" data-defwidth=\"383\"><a href=\"https:\/\/resista-ulmen.com\/wp-content\/uploads\/2_1_Stadt_NL_Amsterdam_Herengracht_MuseumOfTheCanals_03_201307.jpg\" data-rel=\"lightbox[group-46951]\" title=\"Ulmus &#039;New Horizon&#039; in Amsterdam (NL), &lt;a class=&quot;popmake-2-1-stadt-nl-amsterdam-herengracht-museum&quot;&gt;&lt;u&gt;Info&lt;\/u&gt;&lt;\/a&gt;\" ><img decoding=\"async\" src=\"https:\/\/resista-ulmen.com\/wp-content\/uploads\/2_1_Stadt_NL_Amsterdam_Herengracht_MuseumOfTheCanals_03_201307-383x250.jpg\" alt=\"\"\/><div class=\"qg-overlay\"><span class=\"icon-circle\"><span class=\"pg-icon lightbox-icon\"><\/span><\/span><\/div><\/a><\/div><div class=\"qg-img qg-no-title\" data-defwidth=\"383\"><a href=\"https:\/\/resista-ulmen.com\/wp-content\/uploads\/2_1_Stadt_NL_Amsterdam_Herengracht21_01_201507.jpg\" data-rel=\"lightbox[group-46951]\" title=\"Ulmus &#039;New Horizon&#039; in Amsterdam (NL), &lt;a class=&quot;popmake-2-1-stadt-nl-amsterdam-herengracht-21&quot;&gt;&lt;u&gt;Info&lt;\/u&gt;&lt;\/a&gt;\" ><img decoding=\"async\" src=\"https:\/\/resista-ulmen.com\/wp-content\/uploads\/2_1_Stadt_NL_Amsterdam_Herengracht21_01_201507-383x250.jpg\" alt=\"\"\/><div class=\"qg-overlay\"><span class=\"icon-circle\"><span class=\"pg-icon lightbox-icon\"><\/span><\/span><\/div><\/a><\/div><div class=\"qg-img qg-no-title\" data-defwidth=\"383\"><a href=\"https:\/\/resista-ulmen.com\/wp-content\/uploads\/2_1_Stadt_NL_Amsterdam_Herengracht_MuseumOfTheCanals_02_201307.jpg\" data-rel=\"lightbox[group-46951]\" title=\"Ulmus &#039;New Horizon&#039; in Amsterdam (NL), &lt;a class=&quot;popmake-2-1-stadt-nl-amsterdam-herengracht-museum&quot;&gt;&lt;u&gt;Info&lt;\/u&gt;&lt;\/a&gt;\" ><img decoding=\"async\" src=\"https:\/\/resista-ulmen.com\/wp-content\/uploads\/2_1_Stadt_NL_Amsterdam_Herengracht_MuseumOfTheCanals_02_201307-383x250.jpg\" alt=\"\"\/><div class=\"qg-overlay\"><span class=\"icon-circle\"><span class=\"pg-icon lightbox-icon\"><\/span><\/span><\/div><\/a><\/div><div class=\"clear\"><\/div><\/div>\n","protected":false},"excerpt":{"rendered":"<p>Perfetto per la citt\u00e0 &nbsp; Devono essere in grado di adattarsi alle condizioni di crescita pi\u00f9 difficili. Spazio radicale limitato, [&hellip;]<\/p>\n","protected":false},"author":1,"featured_media":0,"parent":0,"menu_order":7,"comment_status":"closed","ping_status":"closed","template":"template-full-custom.php","meta":{"footnotes":""},"class_list":["post-4695","page","type-page","status-publish","hentry"],"_links":{"self":[{"href":"https:\/\/resista-ulmen.com\/it\/wp-json\/wp\/v2\/pages\/4695","targetHints":{"allow":["GET"]}}],"collection":[{"href":"https:\/\/resista-ulmen.com\/it\/wp-json\/wp\/v2\/pages"}],"about":[{"href":"https:\/\/resista-ulmen.com\/it\/wp-json\/wp\/v2\/types\/page"}],"author":[{"embeddable":true,"href":"https:\/\/resista-ulmen.com\/it\/wp-json\/wp\/v2\/users\/1"}],"replies":[{"embeddable":true,"href":"https:\/\/resista-ulmen.com\/it\/wp-json\/wp\/v2\/comments?post=4695"}],"version-history":[{"count":0,"href":"https:\/\/resista-ulmen.com\/it\/wp-json\/wp\/v2\/pages\/4695\/revisions"}],"wp:attachment":[{"href":"https:\/\/resista-ulmen.com\/it\/wp-json\/wp\/v2\/media?parent=4695"}],"curies":[{"name":"wp","href":"https:\/\/api.w.org\/{rel}","templated":true}]}}

Città + Viali

<h1 style="text-align: center;">Perfetto per la città</h1>
<p>&nbsp;</p>
<div class="cols-wrapper cols-2">
<div class="col">
Devono essere in grado di adattarsi alle condizioni di crescita più difficili. Spazio radicale limitato, terreno compattato, carenza di principi nutritivi, accumuli di acqua di ristagno o carenza di acqua, gas di scarico e sale contro il ghiaccio sono solo alcuni dei fattori che potrebbero rendere più difficile una sana crescita degli alberi da città. Anche l&#8217;azione dei cambiamenti climatici sotto forma di fenomeni metereologici estremi sempre in aumento, periodi di siccità in media più lunghi o piogge intense con allagamenti o inondazioni rendono più difficili le loro condizioni di vita.</p>
<p>In media, gli olmi selezionati sono cresciuti bene a queste condizioni avverse. E non da ultimo il clima del nostro centro di ricerca nel Madison, con temperature tra i -35°C e +40°C, ha portato a una selezione naturale della specie estremamente tollerante alle condizioni climatiche estreme.</p>
</div>
<div class="col">
Un grosso vantaggio degli olmi è soprattutto il fatto che possono ricrescere a più riprese durante l&#8217;intero periodo di crescita. Ciò li rende più resistenti verso possibili danni dovuti a gelate tardive o atti di vandalismo. Ma sono in grado di resistere incredibilmente bene anche agli interventi diretti umani. Per gli alberi da città un criterio importante, poiché spesso non vengono rispettati i criteri di potatura necessari, ma si tende a intervenire secondo il profilo della freccia o la sicurezza del traffico. Gli stessi danni alla corteccia e alle radici dovuti ai lavori di costruzione e di scavatura possono essere di regola perdonati da questi robusti alberi.</p>
<p>Molte città hanno già riconosciuto il potenziale dei nostri olmi estremamente resistenti. Come possibile futuro albero da città, gli olmi resista® imprimeranno sempre di più il profilo e il clima delle città europee.</p>
</div>
</div>
<p>&nbsp;</p>
<h1 style="text-align: center;">I polmoni della città</h1>
<p>&nbsp;</p>
<div class="cols-wrapper cols-2">
<div class="col">
La tendenza all&#8217;urbanizzazione si è interrotta. Con una concentrazione in crescita della popolazione umana nei centri urbani, passa in primo piano anche la domanda di un miglioramento effettivo del microclima cittadino e della creazione di nicchie di aree verdi.</p>
</div>
<div class="col">
Gli olmi, secondo l&#8217;opinione di scienziati illustri, appartengono alle varietà di alberi che più si adattano ad albero da città, poiché esercitano un influsso positivo sul clima cittadino. Inoltre, provvedono alla riduzione delle polveri sottili e sono una vera istituzione quando si tratta di ridurre i valori di ossido di azoto e di ozono.</p>
</div>
</div>
<div class="quick-gallery"><div class="qg-img qg-no-title" data-defwidth="383"><a href="https://resista-ulmen.com/wp-content/uploads/2_1_Stadt_NL_Amsterdam_Herengracht_MuseumOfTheCanals_03_201307.jpg" data-rel="lightbox[group-46951]" title="Ulmus &#039;New Horizon&#039; in Amsterdam (NL), &lt;a class=&quot;popmake-2-1-stadt-nl-amsterdam-herengracht-museum&quot;&gt;&lt;u&gt;Info&lt;/u&gt;&lt;/a&gt;" ><img decoding="async" src="https://resista-ulmen.com/wp-content/uploads/2_1_Stadt_NL_Amsterdam_Herengracht_MuseumOfTheCanals_03_201307-383x250.jpg" alt=""/><div class="qg-overlay"><span class="icon-circle"><span class="pg-icon lightbox-icon"></span></span></div></a></div><div class="qg-img qg-no-title" data-defwidth="383"><a href="https://resista-ulmen.com/wp-content/uploads/2_1_Stadt_NL_Amsterdam_Herengracht21_01_201507.jpg" data-rel="lightbox[group-46951]" title="Ulmus &#039;New Horizon&#039; in Amsterdam (NL), &lt;a class=&quot;popmake-2-1-stadt-nl-amsterdam-herengracht-21&quot;&gt;&lt;u&gt;Info&lt;/u&gt;&lt;/a&gt;" ><img decoding="async" src="https://resista-ulmen.com/wp-content/uploads/2_1_Stadt_NL_Amsterdam_Herengracht21_01_201507-383x250.jpg" alt=""/><div class="qg-overlay"><span class="icon-circle"><span class="pg-icon lightbox-icon"></span></span></div></a></div><div class="qg-img qg-no-title" data-defwidth="383"><a href="https://resista-ulmen.com/wp-content/uploads/2_1_Stadt_NL_Amsterdam_Herengracht_MuseumOfTheCanals_02_201307.jpg" data-rel="lightbox[group-46951]" title="Ulmus &#039;New Horizon&#039; in Amsterdam (NL), &lt;a class=&quot;popmake-2-1-stadt-nl-amsterdam-herengracht-museum&quot;&gt;&lt;u&gt;Info&lt;/u&gt;&lt;/a&gt;" ><img decoding="async" src="https://resista-ulmen.com/wp-content/uploads/2_1_Stadt_NL_Amsterdam_Herengracht_MuseumOfTheCanals_02_201307-383x250.jpg" alt=""/><div class="qg-overlay"><span class="icon-circle"><span class="pg-icon lightbox-icon"></span></span></div></a></div><div class="clear"></div></div>

<p>Perfetto per la città &nbsp; Devono essere in grado di adattarsi alle condizioni di crescita più difficili. Spazio radicale limitato, [&hellip;]</p>
